(3). Suppose 2*q - 4*c + 2 = w, 4 = q + c - 2*c. List the prime factors of q.
3
Suppose -8 = -2*w - 4*a + 16, -4*w - 4*a + 32 = 0. Suppose 0 = -5*c + w + 16. What are the prime factors of c?
2
Suppose -22 + 4 = -3*l. Suppose -2*c = l - 30. Suppose y - c = -y. List the prime factors of y.
2, 3
What are the prime factors of ((-160)/24)/(4/(-18))?
2, 3, 5
Let g be (-5)/(-3)*(-27)/(-1). Let u = g + -25. List the prime factors of u.
2, 5
Let o(w) = w**3 + 8*w**2 + 8*w - 3. Let j be o(-6). Suppose 17 + 16 = 3*f. Let m = j - f. List the prime factors of m.
2, 5
Suppose -5*r = -0 + 5, -2*i = 3*r - 7. Suppose -5*d + 0*d + i*t = -20, -3*d + 15 = -2*t. What are the prime factors of d?
7
Suppose 6*p - 3*p + 306 = 3*g, -3*p = 3. List the prime factors of g.
101
Let t = -35 - -53. What are the prime factors of t?
2, 3
Let g(r) = r**2 - r**3 + 0*r**2 + 4*r**2 + r - 1. List the prime factors of g(5).
2
Let u(k) = 6*k - 3. Suppose -1 + 3 = -q. Let o be (-1)/q - (-9)/6. List the prime factors of u(o).
3
List the prime factors of -3 - (-255 - 2) - 3*1.
251
Let i be 21/(-14)*8/6. Suppose 3*l - 60 = -3*h - 0*h, 0 = 4*h - 5*l - 35. List the prime factors of -3 + h - (i + 5).
3
Let a(j) = -11*j + 22. What are the prime factors of a(-7)?
3, 11
Let o(c) = 2*c**3 - 9*c**2 + 10*c - 9. What are the prime factors of o(6)?
3, 53
Suppose -542*c = -547*c + 395. List the prime factors of c.
79
Suppose 8 = 4*n - 4. Let u = n + 27. List the prime factors of u.
2, 3, 5
Let r = -686 + 1003. List the prime factors of r.
317
Suppose 0 = -4*f - 3*k - 62, 3*f + 66 = -k + 17. Let r = 31 + f. What are the prime factors of r?
2, 7
Suppose 44 = v + 6. Let n = v - 20. List the prime factors of n.
2, 3
Suppose 0 = -2*n - 6, -27 = -5*d + n + 3*n. Suppose 0 = -2*a + a + d. Suppose 0 = -3*g - 4*j + 18, 8*g - a*g = -5*j + 30. List the prime factors of g.
2, 3
Let y(j) = -2*j**2 - j. Let d be y(-1). Let b be ((-4)/8)/(d/(-10)). List the prime factors of b*(4/(-5) + -1).
3
Let d(q) = q**3 - 10*q**2 - 2*q + 15. Let t be d(10). Let l = -4 + 2. List the prime factors of (-2 - t)/(l/(-6)).
3
Let s(j) = -j**2 - 6*j + 11. Let y be s(-9). Suppose 0*a - 15 = -5*a. Let x = a - y. What are the prime factors of x?
19
List the prime factors of 8/20*3/(3/110).
2, 11
Suppose -q - 11 = 13. Let w be (-10)/(2*3/q). Suppose 0 = 2*p - 7*p + w. List the prime factors of p.
2
What are the prime factors of 1 + ((-9)/(9/3) - -118)?
2, 29
Let h(l) = -l - 11. Let v be h(-11). Suppose v = -3*o + 46 + 2. What are the prime factors of o?
2
Let d be 120/21 - (-10)/35. Let z be (-3)/(-4) + (-2)/(-8). Let m = d + z. What are the prime factors of m?
7
Let l be (1 - 2)*1 - -10. Let n = l - 5. Suppose 33 = -b + n*b. What are the prime factors of b?
11
Suppose -27*r = -29*r + 42. What are the prime factors of r?
3, 7
Suppose 0 = 5*q - 4*q - 16. Let n be 2*2*8/q. List the prime factors of ((-39)/(-6) + -3)*n.
7
Suppose -357 + 37 = -5*i. List the prime factors of i.
2
Let d = 88 + -20. What are the prime factors of d?
2, 17
Suppose -2*u = -16 - 12. Suppose 16*v - u*v = 100. What are the prime factors of v?
2, 5
Suppose 3*f - t = 92, 4*t = 5*f - 257 + 92. Let s = f - 15. What are the prime factors of s?
2, 7
Suppose -3*z + 57 = -33. List the prime factors of z.
2, 3, 5
Let m = 8 + -4. Suppose 0 = 3*x - m*x - 6. Let g = 17 + x. What are the prime factors of g?
11
Suppose -7 = 3*k - 5*u + 4, 2*u - 2 = 2*k. Let j be (-1 - 0)/(-3)*k. What are the prime factors of j + 7 - 4/2?
2, 3
Let h = -34 + 70. What are the prime factors of h?
2, 3
Let n(w) be the first derivative of 5*w**2 - 10*w + 9. What are the prime factors of n(4)?
2, 3, 5
Let q(d) be the third derivative of -d**6/180 - d**5/20 + d**4/12 + 2*d**2. Let g(y) be the second derivative of q(y). What are the prime factors of g(-4)?
2, 5
Let l(q) be the second derivative of q**7/1260 + q**6/360 - q**5/120 + q**4/12 - 2*q. Let c(h) be the third derivative of l(h). List the prime factors of c(2).
11
Suppose 4*s - 4*u + 24 = -u, -2*u + 14 = -2*s. Let n(o) = 0 + 3*o**2 + 3*o**3 + 1 - 2*o**3 - 2*o. What are the prime factors of n(s)?
7
List the prime factors of (-41)/(-5) + (-6)/30.
2
Let w be ((-20)/(-6))/((-8)/(-12)). Suppose -w*v = -7 - 18. List the prime factors of v.
5
List the prime factors of 40 - (6 - 10/5).
2, 3
Let x(h) = -h**2 + 17*h - 14. What are the prime factors of x(11)?
2, 13
Suppose -24 = t + 3*t. What are the prime factors of (105/t)/(6/(-12))?
5, 7
Let k(i) = i**2 + 11*i - 7. List the prime factors of k(-13).
19
Suppose 41 = w - 32. List the prime factors of w.
73
Let b(o) = o**3 - 3*o**2 - 3*o. Let v = -6 + 10. Let r be b(v). Let q = r + 0. List the prime factors of q.
2
Let z = -71 + 106. What are the prime factors of z?
5, 7
Let z = -3 + 12. What are the prime factors of z?
3
Let x(s) = -s**3 - s**2 + 2*s + 23. List the prime factors of x(0).
23
Suppose -a + 4*a = 0. Suppose -u - 3*y - 2 = u, -4*u + 40 = -5*y. Suppose 4*b = -b - i + 45, 3*b - u*i - 55 = a. List the prime factors of b.
2, 5
Let q(x) = 2*x + 1. Let k = -5 + 8. Suppose u = -k*o - u, -4*o + 14 = -2*u. List the prime factors of q(o).
5
Suppose -3*m + 2 + 4 = 0. Suppose -c = 4*y - m, 0 = -3*c + 5*c + 4*y + 16. List the prime factors of (0 - (-1 - -2))*c.
2, 3
Suppose 8 = u - 142. List the prime factors of u.
2, 3, 5
Let j(w) = -w**3 + 5*w**2 + 3*w. What are the prime factors of j(4)?
2, 7
Suppose 4*z - 3*w = -2 + 11, -3*z + 4*w + 5 = 0. Suppose l - 28 = -z*l. List the prime factors of l.
7
Let u(q) = -2*q**3 + 9*q**2 - 11*q - 6. Let n(h) = h**3 - 5*h**2 + 5*h + 3. Let b(a) = 9*n(a) + 4*u(a). Let j = -9 - -18. List the prime factors of b(j).
2, 3
Let s be ((-38)/6 + 0)*-3. Let p = s + -8. List the prime factors of p.
11
Let k = 13 + -10. Suppose -2*w + 34 = x - 3, -90 = -5*w - k*x. List the prime factors of w.
3, 7
Let b(x) = 2*x. Let m be b(2). Suppose -h + 140 = m*h. List the prime factors of h.
2, 7
Suppose v = 4*w - 242, 0 = 4*w - 5*w + v + 62. What are the prime factors of w?
2, 3, 5
Let w = -8 - -17. Let u = w - 6. What are the prime factors of u?
3
Suppose 0 = -0*f - 2*f - 3*i + 469, -2*f - i = -479. What are the prime factors of f?
2, 11
Suppose 4*d - 3*d - 7 = 0. Suppose -d*g = -2*g - 10. What are the prime factors of (1 - g)*2 + 12?
2, 5
Let z be 1/(-3) - 7/(-3). What are the prime factors of (z - 7)*(-1 - 0)?
5
Let m = 41 - 34. List the prime factors of m.
7
Let v = -22 + 39. Let g = 29 - v. What are the prime factors of g?
2, 3
Suppose 13*s - 2853 - 657 = 0. List the prime factors of s.
2, 3, 5
Suppose w - 6*w + 4*f = 247, 3*w = 4*f - 145. Let x = 81 + w. Let v = -21 + x. List the prime factors of v.
3
Let o(l) = l**3 + 6*l**2 + 3*l + 6. Let q be o(-5). List the prime factors of (q/6)/(2/9).
2, 3
Suppose 0 = 3*w + w - 20. Suppose w + 7 = 4*n. Suppose -n*k = -4 - 11. List the prime factors of k.
5
Let y(z) = -z**3 + 4*z**2 - 3*z - 3. Let a be y(3). Let m be a + 0/(1 - -1). List the prime factors of 3/(m/(-2))*6.
2, 3
Let h(z) = -6 + 0 - 1 - z. Suppose 24 = -4*y + 4*n, 4*n + n + 24 = -y. List the prime factors of h(y).
2
Let r(p) = p**2 + 11*p + 13. Let k be r(-10). Suppose 0 = -0*n - k*n + 12. What are the prime factors of n?
2
Suppose -2*b + 6 = -14. List the prime factors of b.
2, 5
Let j(x) = x**2 + x + 1. Let b be j(-3). Suppose -2*g + g = -b. Let v = g - 2. What are the prime factors of v?
5
Let d = -338 + 635. What are the prime factors of d?
3, 11
Suppose 477 + 27 = 7*z. What are the prime factors of z?
2, 3
Suppose 5*h - 162 = 3*h. Let l = -51 + h. List the prime factors of l.
2, 3, 5
Suppose 4*r = -5*f - r, -3*f - 5*r = 6. Suppose -11 = -3*b + 2*b - 3*n, 0 = f*b - 2*n. List the prime factors of b.
2
Let d = -203 - -293. List the prime factors of d.
2, 3, 5
Let v = 200 + -81. List the prime factors of v.
7, 17
Suppose 2*s - 37 = 37. What are the prime factors of s?
37
Suppose -5*z + 6 = -3*p, 2*p + 3*z - 15 = -0*z. Suppose o = -p*o + 96. List the prime factors of o.
2, 3
Let n = 11 - -41. List the prime factors of n.
2, 13
Suppose -3*v - 13 = w, -v + 4 = 2*w + 15. Suppose -l - 27 = 4*g, 0*g + 3*l = -4*g - 33. What are the prime factors of (-2)/g + (-5)/v?
2
Suppose -5*w + 20 = -w. Suppose 3*c - 7 = -4*a - 0, 4*a + w*c = 1. What are the prime factors of a?
2
Suppose 3*b - 1 = 11. Sup